{"id":1923,"date":"2018-01-19T09:14:07","date_gmt":"2018-01-19T07:14:07","guid":{"rendered":"http:\/\/www.sgelbdeich.de\/?page_id=1923"},"modified":"2018-01-20T00:26:46","modified_gmt":"2018-01-19T22:26:46","slug":"anmeldung","status":"publish","type":"page","link":"http:\/\/www.sgelbdeich.de\/?page_id=1923","title":{"rendered":"Ausbildungskonzept"},"content":{"rendered":"<p>&nbsp;<\/p>\n<p>Liebe Eltern,<\/p>\n<p>wir werden stets unser Bestes geben, damit Kinder und Eltern sich bei der SG Elbdeich wohl f\u00fchlen. Gleichzeitig m\u00f6chten wir Sie \u00fcber die wichtigsten Inhalte und Lernziele der verschiedenen Altersklassen informieren. Einen \u00dcberblick finden Sie hier.<\/p>\n<p><strong>1. Kinderfu\u00dfball (G- bis F-Junioren)<\/strong><\/p>\n<p>Das Erlernen fu\u00dfballspezifischer Techniken oder gar taktischer Verhaltensweisen ist in dieser Altersgruppe nicht vorrangig. Das bedeutet jedoch nicht, dass die Kinder bei uns nicht lernen Fu\u00dfball zu spielen! Den Ball in eine vorgegebene Richtung schie\u00dfen, mit dem Ball am Fu\u00df laufen, den Ball ohne Hilfe der H\u00e4nde anhalten, Tore schie\u00dfen und Tore verhindern: An diese Grundelemente des Fu\u00dfballs sollen die Kinder in verschiedenen Trainings- und Spielformen behutsam herangef\u00fchrt werden.<\/p>\n<p>Mindestens genauso wichtig ist es f\u00fcr uns, dass die Kinder folgendes lernen:<\/p>\n<ul>\n<li>Sich in einer Gruppe gleichaltriger Kinder zurechtzufinden<\/li>\n<li>In einer Mannschaft ein gemeinsames Ziel zu verfolgen<\/li>\n<li>Mit Siegen und Niederlagen umzugehen<\/li>\n<li>Einen Spielgegner zu respektieren<\/li>\n<li>(Spiel-) Regeln zu erlernen, akzeptieren und einzuhalten<\/li>\n<\/ul>\n<p>Weiterhin kann Ihr Kind:<\/p>\n<ul>\n<li>Eigene Ideen im Umgang mit Sportger\u00e4ten entwickeln<\/li>\n<li>Allgemeine Bewegungserfahrungen in unterschiedlichen Spielsituationen sammeln<\/li>\n<li>Die koordinativen F\u00e4higkeiten wie Wendigkeit, Geschicktheit und das Reaktionsverm\u00f6gen verbessern und Spa\u00df und Freude am Fu\u00dfball und Vereinsleben entwickeln.<\/li>\n<\/ul>\n<p>Wundern Sie sich also bitte nicht, wenn Sie im Fu\u00dfballtraining Ihres Kindes auch Bewegungsspiele beobachten, die auf den ersten Blick nichts mit Fu\u00dfball zu tun haben: Balancieren, Springen, Werfen usw. sind grundlegende Fertigkeiten, die verbessert werden sollen und einer langfristigen, behutsamen Entwicklung von \u201eFu\u00dfball-Fertigkeiten\u201c zu Gute kommen. Selbstverst\u00e4ndlich bleiben der Fu\u00dfball und das Fu\u00dfballspielen der Mittelpunkt des Trainings bei der SG Elbdeich.<\/p>\n<p>Nat\u00fcrlich werden wir auch Spiele gegen andere Mannschaften austragen. Uns geht es jedoch nicht darum, m\u00f6glichst viele Spiele mit gro\u00dfem Vorsprung zu gewinnen. Wir m\u00f6chten vielmehr, dass sich alle Kinder viel bewegen und Spa\u00df am Spiel haben. Kinder in diesem Alter halten sich noch nicht an zugewiesene Positionen oder Aufgaben im Spiel. Dazu ist ihr Spieltrieb viel zu ausgepr\u00e4gt. Wir wollen die Kinder aber auch noch gar nicht auf bestimmte Positionen festlegen. Sie, die Eltern, bestimmen ja auch jetzt noch nicht, welche weiterf\u00fchrende Schule ihr Kind sp\u00e4ter einmal besuchen soll.<\/p>\n<p>Kinder lernen am meisten, wenn sie auf allen Positionen Spielerfahrungen sammeln. Daher werden wir von Spiel zu Spiel oder auch innerhalb eines Spiels Positionen tauschen. Es versteht sich auch von selbst, dass jedes Kind irgendwann einmal ausgewechselt wird, damit andere spielen k\u00f6nnen. Eine Auswechslung kann im Interesse der Kinder nicht davon abh\u00e4ngig gemacht werden, ob jemand gut oder weniger gut gespielt hat. Grunds\u00e4tzlich sollen im Spiel unserer J\u00fcngsten noch keine pers\u00f6nlichen Bewertungen vorgenommen werden.<\/p>\n<p>Damit kein falscher Eindruck entsteht: Wir freuen uns auch \u00fcber Siege! Allerdings wollen wir nicht um jeden Preis gewinnen, dass z.B. Schw\u00e4chere ausgewechselt werden, einige gar nicht zum Einsatz kommen oder die Kinder durch Festlegung auf Positionen wie \u201eletzter Mann\u201c oder \u201ebesch\u00e4ftigungsloser\/ \u00fcberforderter Torwart\u201c keinen Spa\u00df am Fu\u00dfball haben. Diese Informationen sind uns so wichtig, dass sie an dieser Stelle zuerst genannt werden. Wir w\u00fcrden uns freuen, wenn wir Sie h\u00e4ufig beim Training unserer Kindermannschaften begr\u00fc\u00dfen d\u00fcrfen. Bringen sie sich ein und tauschen sich mit anderen Eltern sowie den Trainern vor Ort aus. Die Trainer der Mannschaft sind f\u00fcr jede Anregung und jedes offene Wort dankbar.<\/p>\n<p><strong>2. F\u00f6rderklassen (E- und D-Junioren)<\/strong><\/p>\n<p>In dieser Altersklasse m\u00f6chten wir die grundlegenden Techniken, wie den Innenseit-, Innenspann oder Vollspannsto\u00df vermitteln und verfeinern. Nicht umsonst bezeichnet man diese Entwicklungsphase der Kinder als \u201eerstes goldenes Lernalter\u201c. Die Kinder sind k\u00f6rperlich ausgewogen, haben erste Wachstumssch\u00fcbe gut aufgefangen und haben ein gr\u00f6\u00dferes Konzentrationsverm\u00f6gen, als noch im G- und F-Junioren Bereich.<\/p>\n<p><strong>3. Leistungsklassen (C- bis A-Junioren)<\/strong><\/p>\n<p>Diese drei Altersklassen weisen teilweise sehr unterschiedliche Voraussetzungen auf. Besonders im C-Jugendalter bestehen zwischen den Kindern doch teils gro\u00dfe Gr\u00f6\u00dfenunterschiede vor, die Schwierigkeiten in Sachen Koordination mit sich bringen k\u00f6nnen\u2026 Daf\u00fcr erreichen die Spieler anschlie\u00dfend das \u201ezweite goldene Lernalter\u201c. Bis hierher sollten alle Techniken bereits erlernt und gefestigt worden sein\u2026<\/p>\n<p>Mit freundlichen Gr\u00fc\u00dfen<\/p>\n<p>Ihre Jugendleitung<\/p>\n","protected":false},"excerpt":{"rendered":"<p>&nbsp; Liebe Eltern, wir werden stets unser Bestes geben, damit Kinder und Eltern sich bei der SG Elbdeich wohl f\u00fchlen. Gleichzeitig m\u00f6chten wir Sie \u00fcber die wichtigsten Inhalte und Lernziele der verschiedenen Altersklassen informieren. Einen \u00dcberblick finden Sie hier. 1. Kinderfu\u00dfball (G- bis F-Junioren) Das Erlernen fu\u00dfballspezifischer Techniken oder gar taktischer Verhaltensweisen ist in dieser [&hellip;]<\/p>\n","protected":false},"author":1839,"featured_media":0,"parent":45,"menu_order":20,"comment_status":"closed","ping_status":"closed","template":"","meta":[],"_links":{"self":[{"href":"http:\/\/www.sgelbdeich.de\/index.php?rest_route=\/wp\/v2\/pages\/1923"}],"collection":[{"href":"http:\/\/www.sgelbdeich.de\/index.php?rest_route=\/wp\/v2\/pages"}],"about":[{"href":"http:\/\/www.sgelbdeich.de\/index.php?rest_route=\/wp\/v2\/types\/page"}],"author":[{"embeddable":true,"href":"http:\/\/www.sgelbdeich.de\/index.php?rest_route=\/wp\/v2\/users\/1839"}],"replies":[{"embeddable":true,"href":"http:\/\/www.sgelbdeich.de\/index.php?rest_route=%2Fwp%2Fv2%2Fcomments&post=1923"}],"version-history":[{"count":4,"href":"http:\/\/www.sgelbdeich.de\/index.php?rest_route=\/wp\/v2\/pages\/1923\/revisions"}],"predecessor-version":[{"id":1961,"href":"http:\/\/www.sgelbdeich.de\/index.php?rest_route=\/wp\/v2\/pages\/1923\/revisions\/1961"}],"up":[{"embeddable":true,"href":"http:\/\/www.sgelbdeich.de\/index.php?rest_route=\/wp\/v2\/pages\/45"}],"wp:attachment":[{"href":"http:\/\/www.sgelbdeich.de\/index.php?rest_route=%2Fwp%2Fv2%2Fmedia&parent=1923"}],"curies":[{"name":"wp","href":"https:\/\/api.w.org\/{rel}","templated":true}]}}