{"id":2424,"date":"2020-07-13T23:59:17","date_gmt":"2020-07-13T21:59:17","guid":{"rendered":"http:\/\/www.sgelbdeich.de\/?page_id=2424"},"modified":"2024-08-06T11:30:22","modified_gmt":"2024-08-06T09:30:22","slug":"u07-junioren-3","status":"publish","type":"page","link":"http:\/\/www.sgelbdeich.de\/?page_id=2424","title":{"rendered":"U08 Junioren"},"content":{"rendered":"<p style=\"text-align: center;\"><span style=\"font-family: Arial,Helvetica,Geneva,Sans-serif,sans-serif;\">Jahrgang 2017<br \/>\n<\/span><\/p>\n<h2 style=\"text-align: center;\"><span style=\"color: #000000;\"><strong><span style=\"font-family: Arial,Helvetica,Geneva,Sans-serif,sans-serif;\">Trainer<\/span><\/strong><\/span><\/h2>\n<p style=\"text-align: center;\"><span style=\"font-family: Arial,Helvetica,Geneva,Sans-serif,sans-serif;\">Ulf Kr\u00fcger<br \/>\n<\/span><span style=\"font-family: Arial,Helvetica,Geneva,Sans-serif,sans-serif;\">E-Mail: uk<\/span><span style=\"font-family: Arial,Helvetica,Geneva,Sans-serif,sans-serif;\">(a)sgelbdeich.de<br \/>\n<\/span><\/p>\n<p style=\"text-align: center;\"><span style=\"font-family: Arial,Helvetica,Geneva,Sans-serif,sans-serif;\">Timo Wilken<br \/>\nE-Mail: ti(a)sgelbdeich.de<br \/>\n<\/span><\/p>\n<h2 style=\"text-align: center;\"><span style=\"color: #000000;\"><strong><span style=\"font-family: Arial,Helvetica,Geneva,Sans-serif,sans-serif;\">Trainingzeiten<\/span><\/strong><\/span><\/h2>\n<p style=\"text-align: center;\"><span style=\"font-family: Arial,Helvetica,Geneva,Sans-serif,sans-serif;\"><strong>Sommer <\/strong>(M\u00e4rz &#8211; Oktober)<strong><br \/>\n<\/strong><\/span><\/p>\n<p style=\"text-align: center;\">Donnerstags 17:00 &#8211; 18:00 am Sportplatz Hoopte<\/p>\n<p style=\"text-align: center;\"><span style=\"font-family: Arial,Helvetica,Geneva,Sans-serif,sans-serif;\"><strong>Winter <\/strong>(November &#8211; Februar)<strong><br \/>\n<\/strong>Trainingszeiten folgen noch<br \/>\n<\/span><\/p>\n<p><span style=\"font-family: Arial,Helvetica,Geneva,Sans-serif,sans-serif;\"><strong>Was wollen und k\u00f6nnen F-Junioren?<\/strong><br \/>\nSp\u00e4testens mit Schulbeginn versp\u00fcren viele Kinder Lust, \u00fcber das Fu\u00dfballspielen im Freundeskreis hinaus regelm\u00e4\u00dfig in einem Verein zu trainieren und zu spielen. Interessant und motivierend bleibt der Vereinsfu\u00dfball f\u00fcr die Kinder, wenn sich die Juniorentrainer am Stra\u00dfenfu\u00dfball fr\u00fcherer Tage orientieren und diese Philosophie in das Vereinstraining \u00fcbertragen.<\/span><\/p>\n<p><a href=\"http:\/\/www.sgelbdeich.de\/wp-content\/uploads\/2018\/01\/Ziele-F.jpg\"><img decoding=\"async\" loading=\"lazy\" class=\"alignnone wp-image-1933 size-full\" src=\"http:\/\/www.sgelbdeich.de\/wp-content\/uploads\/2018\/01\/Ziele-F-e1516395938981.jpg\" alt=\"\" width=\"550\" height=\"353\" \/><\/a><\/p>\n","protected":false},"excerpt":{"rendered":"<p>Jahrgang 2017 Trainer Ulf Kr\u00fcger E-Mail: uk(a)sgelbdeich.de Timo Wilken E-Mail: ti(a)sgelbdeich.de Trainingzeiten Sommer (M\u00e4rz &#8211; Oktober) Donnerstags 17:00 &#8211; 18:00 am Sportplatz Hoopte Winter (November &#8211; Februar) Trainingszeiten folgen noch Was wollen und k\u00f6nnen F-Junioren? Sp\u00e4testens mit Schulbeginn versp\u00fcren viele Kinder Lust, \u00fcber das Fu\u00dfballspielen im Freundeskreis hinaus regelm\u00e4\u00dfig in einem Verein zu trainieren und [&hellip;]<\/p>\n","protected":false},"author":1839,"featured_media":0,"parent":1852,"menu_order":7,"comment_status":"closed","ping_status":"closed","template":"","meta":[],"_links":{"self":[{"href":"http:\/\/www.sgelbdeich.de\/index.php?rest_route=\/wp\/v2\/pages\/2424"}],"collection":[{"href":"http:\/\/www.sgelbdeich.de\/index.php?rest_route=\/wp\/v2\/pages"}],"about":[{"href":"http:\/\/www.sgelbdeich.de\/index.php?rest_route=\/wp\/v2\/types\/page"}],"author":[{"embeddable":true,"href":"http:\/\/www.sgelbdeich.de\/index.php?rest_route=\/wp\/v2\/users\/1839"}],"replies":[{"embeddable":true,"href":"http:\/\/www.sgelbdeich.de\/index.php?rest_route=%2Fwp%2Fv2%2Fcomments&post=2424"}],"version-history":[{"count":15,"href":"http:\/\/www.sgelbdeich.de\/index.php?rest_route=\/wp\/v2\/pages\/2424\/revisions"}],"predecessor-version":[{"id":2667,"href":"http:\/\/www.sgelbdeich.de\/index.php?rest_route=\/wp\/v2\/pages\/2424\/revisions\/2667"}],"up":[{"embeddable":true,"href":"http:\/\/www.sgelbdeich.de\/index.php?rest_route=\/wp\/v2\/pages\/1852"}],"wp:attachment":[{"href":"http:\/\/www.sgelbdeich.de\/index.php?rest_route=%2Fwp%2Fv2%2Fmedia&parent=2424"}],"curies":[{"name":"wp","href":"https:\/\/api.w.org\/{rel}","templated":true}]}}

<p style="text-align: center;"><span style="font-family: Arial,Helvetica,Geneva,Sans-serif,sans-serif;">Jahrgang 2017<br />
</span></p>
<h2 style="text-align: center;"><span style="color: #000000;"><strong><span style="font-family: Arial,Helvetica,Geneva,Sans-serif,sans-serif;">Trainer</span></strong></span></h2>
<p style="text-align: center;"><span style="font-family: Arial,Helvetica,Geneva,Sans-serif,sans-serif;">Ulf Krüger<br />
</span><span style="font-family: Arial,Helvetica,Geneva,Sans-serif,sans-serif;">E-Mail: uk</span><span style="font-family: Arial,Helvetica,Geneva,Sans-serif,sans-serif;">(a)sgelbdeich.de<br />
</span></p>
<p style="text-align: center;"><span style="font-family: Arial,Helvetica,Geneva,Sans-serif,sans-serif;">Timo Wilken<br />
E-Mail: ti(a)sgelbdeich.de<br />
</span></p>
<h2 style="text-align: center;"><span style="color: #000000;"><strong><span style="font-family: Arial,Helvetica,Geneva,Sans-serif,sans-serif;">Trainingzeiten</span></strong></span></h2>
<p style="text-align: center;"><span style="font-family: Arial,Helvetica,Geneva,Sans-serif,sans-serif;"><strong>Sommer </strong>(März &#8211; Oktober)<strong><br />
</strong></span></p>
<p style="text-align: center;">Donnerstags 17:00 &#8211; 18:00 am Sportplatz Hoopte</p>
<p style="text-align: center;"><span style="font-family: Arial,Helvetica,Geneva,Sans-serif,sans-serif;"><strong>Winter </strong>(November &#8211; Februar)<strong><br />
</strong>Trainingszeiten folgen noch<br />
</span></p>
<p><span style="font-family: Arial,Helvetica,Geneva,Sans-serif,sans-serif;"><strong>Was wollen und können F-Junioren?</strong><br />
Spätestens mit Schulbeginn verspüren viele Kinder Lust, über das Fußballspielen im Freundeskreis hinaus regelmäßig in einem Verein zu trainieren und zu spielen. Interessant und motivierend bleibt der Vereinsfußball für die Kinder, wenn sich die Juniorentrainer am Straßenfußball früherer Tage orientieren und diese Philosophie in das Vereinstraining übertragen.</span></p>
<p><a href="http://www.sgelbdeich.de/wp-content/uploads/2018/01/Ziele-F.jpg"><img decoding="async" loading="lazy" class="alignnone wp-image-1933 size-full" src="http://www.sgelbdeich.de/wp-content/uploads/2018/01/Ziele-F-e1516395938981.jpg" alt="" width="550" height="353" /></a></p>

<p>Jahrgang 2017 Trainer Ulf Krüger E-Mail: uk(a)sgelbdeich.de Timo Wilken E-Mail: ti(a)sgelbdeich.de Trainingzeiten Sommer (März &#8211; Oktober) Donnerstags 17:00 &#8211; 18:00 am Sportplatz Hoopte Winter (November &#8211; Februar) Trainingszeiten folgen noch Was wollen und können F-Junioren? Spätestens mit Schulbeginn verspüren viele Kinder Lust, über das Fußballspielen im Freundeskreis hinaus regelmäßig in einem Verein zu trainieren und [&hellip;]</p>
