{"id":2505,"date":"2021-07-22T15:21:51","date_gmt":"2021-07-22T13:21:51","guid":{"rendered":"http:\/\/www.sgelbdeich.de\/?page_id=2505"},"modified":"2024-07-30T14:11:53","modified_gmt":"2024-07-30T12:11:53","slug":"u07-junioren-4","status":"publish","type":"page","link":"http:\/\/www.sgelbdeich.de\/?page_id=2505","title":{"rendered":"U07 Junioren"},"content":{"rendered":"<p style=\"text-align: center;\"><span style=\"font-family: Arial,Helvetica,Geneva,Sans-serif,sans-serif;\">Jahrgang 2018<br \/>\n<\/span><\/p>\n<h2 style=\"text-align: center;\"><span style=\"color: #000000;\"><strong><span style=\"font-family: Arial,Helvetica,Geneva,Sans-serif,sans-serif;\">Trainer<\/span><\/strong><\/span><\/h2>\n<p style=\"text-align: center;\"><span style=\"font-family: Arial,Helvetica,Geneva,Sans-serif,sans-serif;\">Julien Adamiec<br \/>\n<\/span><span style=\"font-family: Arial,Helvetica,Geneva,Sans-serif,sans-serif;\">E-Mail: ja<\/span><span style=\"font-family: Arial,Helvetica,Geneva,Sans-serif,sans-serif;\">(a)sgelbdeich.de<br \/>\n<\/span><\/p>\n<p style=\"text-align: center;\">Fynn Berndt<br \/>\nE-Mail: fb(a)sgelbdeich.de<\/p>\n<h2 style=\"text-align: center;\"><span style=\"color: #000000;\"><strong><span style=\"font-family: Arial,Helvetica,Geneva,Sans-serif,sans-serif;\">Trainingzeiten<\/span><\/strong><\/span><\/h2>\n<p style=\"text-align: center;\"><span style=\"font-family: Arial,Helvetica,Geneva,Sans-serif,sans-serif;\"><strong>Sommer <\/strong>(M\u00e4rz &#8211; Oktober)<strong><br \/>\n<\/strong>Dienstags 17:00 &#8211; 18:00 auf dem Sportplatz in Hoopte<\/span><\/p>\n<p style=\"text-align: center;\"><span style=\"font-family: Arial,Helvetica,Geneva,Sans-serif,sans-serif;\"><strong>Winter <\/strong>(November &#8211; Februar)<strong><br \/>\n<\/strong>Trainingszeiten folgen noch<br \/>\n<\/span><\/p>\n<p><span style=\"font-family: Arial,Helvetica,Geneva,Sans-serif,sans-serif;\"><strong>Was wollen und k\u00f6nnen Bambinis?<\/strong><br \/>\nDie j\u00fcngsten Nachwuchskicker haben spezielle Bed\u00fcrfnisse und sehen die Welt mit anderen Augen als Erwachsene. Daher f\u00f6rdern wir die Kinder mit vielseitigen und<br \/>\ninteressanten Bewegungsaufgaben ganzheitlich!<\/span><\/p>\n<p><img decoding=\"async\" loading=\"lazy\" class=\"alignnone size-full wp-image-1930\" src=\"http:\/\/www.sgelbdeich.de\/wp-content\/uploads\/2018\/01\/Ziele-Bambini-1-e1516395519496.jpg\" alt=\"\" width=\"550\" height=\"374\" \/><\/p>\n","protected":false},"excerpt":{"rendered":"<p>Jahrgang 2018 Trainer Julien Adamiec E-Mail: ja(a)sgelbdeich.de Fynn Berndt E-Mail: fb(a)sgelbdeich.de Trainingzeiten Sommer (M\u00e4rz &#8211; Oktober) Dienstags 17:00 &#8211; 18:00 auf dem Sportplatz in Hoopte Winter (November &#8211; Februar) Trainingszeiten folgen noch Was wollen und k\u00f6nnen Bambinis? Die j\u00fcngsten Nachwuchskicker haben spezielle Bed\u00fcrfnisse und sehen die Welt mit anderen Augen als Erwachsene. Daher f\u00f6rdern wir [&hellip;]<\/p>\n","protected":false},"author":1839,"featured_media":0,"parent":1852,"menu_order":6,"comment_status":"closed","ping_status":"closed","template":"","meta":[],"_links":{"self":[{"href":"http:\/\/www.sgelbdeich.de\/index.php?rest_route=\/wp\/v2\/pages\/2505"}],"collection":[{"href":"http:\/\/www.sgelbdeich.de\/index.php?rest_route=\/wp\/v2\/pages"}],"about":[{"href":"http:\/\/www.sgelbdeich.de\/index.php?rest_route=\/wp\/v2\/types\/page"}],"author":[{"embeddable":true,"href":"http:\/\/www.sgelbdeich.de\/index.php?rest_route=\/wp\/v2\/users\/1839"}],"replies":[{"embeddable":true,"href":"http:\/\/www.sgelbdeich.de\/index.php?rest_route=%2Fwp%2Fv2%2Fcomments&post=2505"}],"version-history":[{"count":15,"href":"http:\/\/www.sgelbdeich.de\/index.php?rest_route=\/wp\/v2\/pages\/2505\/revisions"}],"predecessor-version":[{"id":2651,"href":"http:\/\/www.sgelbdeich.de\/index.php?rest_route=\/wp\/v2\/pages\/2505\/revisions\/2651"}],"up":[{"embeddable":true,"href":"http:\/\/www.sgelbdeich.de\/index.php?rest_route=\/wp\/v2\/pages\/1852"}],"wp:attachment":[{"href":"http:\/\/www.sgelbdeich.de\/index.php?rest_route=%2Fwp%2Fv2%2Fmedia&parent=2505"}],"curies":[{"name":"wp","href":"https:\/\/api.w.org\/{rel}","templated":true}]}}