{"id":53,"date":"2010-03-24T16:29:39","date_gmt":"2010-03-24T16:29:39","guid":{"rendered":"http:\/\/www.sgelbdeich.de\/wp\/?page_id=53"},"modified":"2017-07-21T09:37:59","modified_gmt":"2017-07-21T07:37:59","slug":"sponsoren","status":"publish","type":"page","link":"http:\/\/www.sgelbdeich.de\/?page_id=53","title":{"rendered":"Sponsoren"},"content":{"rendered":"<p style=\"text-align: center;\"><a href=\"http:\/\/www.netproof.de\" target=\"_blank\"><img decoding=\"async\" loading=\"lazy\" class=\"aligncenter size-full wp-image-57\" title=\"Netproof\" alt=\"\" src=\"http:\/\/www.sgelbdeich.de\/wp-content\/uploads\/2010\/03\/logo1.jpg\" width=\"378\" height=\"98\" srcset=\"http:\/\/www.sgelbdeich.de\/wp-content\/uploads\/2010\/03\/logo1.jpg 378w, http:\/\/www.sgelbdeich.de\/wp-content\/uploads\/2010\/03\/logo1-300x77.jpg 300w\" sizes=\"(max-width: 378px) 100vw, 378px\" \/><\/a><\/p>\n<p style=\"text-align: center;\"><a href=\"Http:\/\/www.harms-gruppe.de\" target=\"_blank\"><img decoding=\"async\" loading=\"lazy\" class=\"aligncenter size-full wp-image-93\" title=\"HHH1\" alt=\"\" src=\"http:\/\/www.sgelbdeich.de\/wp-content\/uploads\/2010\/03\/HHH12.gif\" width=\"420\" height=\"118\" srcset=\"http:\/\/www.sgelbdeich.de\/wp-content\/uploads\/2010\/03\/HHH12.gif 420w, http:\/\/www.sgelbdeich.de\/wp-content\/uploads\/2010\/03\/HHH12-300x84.gif 300w\" sizes=\"(max-width: 420px) 100vw, 420px\" \/><\/a><\/p>\n<p style=\"text-align: center;\"><a href=\"http:\/\/www.gemuese-garten.de\/\" target=\"_blank\"><img decoding=\"async\" loading=\"lazy\" class=\"aligncenter size-full wp-image-8\" title=\"logo_behr_gemuese_200\" alt=\"\" src=\"http:\/\/www.sgelbdeich.de\/wp-content\/uploads\/2010\/03\/logo_behr_gemuese_200.gif\" width=\"230\" height=\"129\" \/><\/a><\/p>\n<p><strong>Wir bedanken uns auch bei allen nicht aufgef\u00fchrten Sponsoren f\u00fcr ihre Unterst\u00fctzung<\/strong><\/p>\n","protected":false},"excerpt":{"rendered":"<p>Wir bedanken uns auch bei allen nicht aufgef\u00fchrten Sponsoren f\u00fcr ihre Unterst\u00fctzung<\/p>\n","protected":false},"author":1,"featured_media":0,"parent":0,"menu_order":4,"comment_status":"closed","ping_status":"closed","template":"","meta":[],"_links":{"self":[{"href":"http:\/\/www.sgelbdeich.de\/index.php?rest_route=\/wp\/v2\/pages\/53"}],"collection":[{"href":"http:\/\/www.sgelbdeich.de\/index.php?rest_route=\/wp\/v2\/pages"}],"about":[{"href":"http:\/\/www.sgelbdeich.de\/index.php?rest_route=\/wp\/v2\/types\/page"}],"author":[{"embeddable":true,"href":"http:\/\/www.sgelbdeich.de\/index.php?rest_route=\/wp\/v2\/users\/1"}],"replies":[{"embeddable":true,"href":"http:\/\/www.sgelbdeich.de\/index.php?rest_route=%2Fwp%2Fv2%2Fcomments&post=53"}],"version-history":[{"count":18,"href":"http:\/\/www.sgelbdeich.de\/index.php?rest_route=\/wp\/v2\/pages\/53\/revisions"}],"predecessor-version":[{"id":81,"href":"http:\/\/www.sgelbdeich.de\/index.php?rest_route=\/wp\/v2\/pages\/53\/revisions\/81"}],"wp:attachment":[{"href":"http:\/\/www.sgelbdeich.de\/index.php?rest_route=%2Fwp%2Fv2%2Fmedia&parent=53"}],"curies":[{"name":"wp","href":"https:\/\/api.w.org\/{rel}","templated":true}]}}